3 is divided by 3047?
3026
What is the remainder when 902167 is divided by 451078?
11
Calculate the remainder when 3441477 is divided by 1565.
42
What is the remainder when 54997 is divided by 3125?
1872
What is the remainder when 3053097 is divided by 610618?
7
Calculate the remainder when 234663 is divided by 585.
78
Calculate the remainder when 3023820 is divided by 57.
27
Calculate the remainder when 126868 is divided by 1694.
1512
What is the remainder when 3937323 is divided by 3254?
3237
What is the remainder when 285158 is divided by 5939?
86
What is the remainder when 258265 is divided by 129062?
141
What is the remainder when 2527079 is divided by 33694?
29
Calculate the remainder when 7802820 is divided by 173396.
0
What is the remainder when 153556032 is divided by 361?
350
What is the remainder when 1485807 is divided by 51?
24
Calculate the remainder when 358016 is divided by 695.
91
Calculate the remainder when 166399 is divided by 2005.
1989
Calculate the remainder when 1220850 is divided by 110982.
48
Calculate the remainder when 20194520 is divided by 239.
215
What is the remainder when 40144899 is divided by 53?
49
What is the remainder when 857952 is divided by 2389?
301
Calculate the remainder when 113679069 is divided by 624.
621
Calculate the remainder when 97894 is divided by 16313.
16
Calculate the remainder when 26992 is divided by 5060.
1692
What is the remainder when 50266072 is divided by 7?
3
What is the remainder when 20765169 is divided by 156?
9
Calculate the remainder when 507966 is divided by 6864.
30
Calculate the remainder when 3417389 is divided by 55.
19
Calculate the remainder when 180114 is divided by 11954.
804
What is the remainder when 4694569 is divided by 4100?
69
What is the remainder when 12233496 is divided by 41?
39
What is the remainder when 2735455 is divided by 3498?
19
What is the remainder when 167264 is divided by 167190?
74
Calculate the remainder when 131517 is divided by 6912.
189
Calculate the remainder when 5836 is divided by 60.
16
Calculate the remainder when 1592522 is divided by 245.
22
What is the remainder when 1359667 is divided by 110?
67
Calculate the remainder when 16384147 is divided by 37.
29
What is the remainder when 1490570 is divided by 345?
170
What is the remainder when 7573466 is divided by 940?
826
What is the remainder when 369603 is divided by 123149?
156
What is the remainder when 20692518 is divided by 169?
158
What is the remainder when 71156 is divided by 35526?
104
What is the remainder when 11741277 is divided by 1417?
15
What is the remainder when 82850092 is divided by 4350?
4342
What is the remainder when 52060 is divided by 2154?
364
What is the remainder when 111994 is divided by 8599?
207
What is the remainder when 5883192 is divided by 1961060?
12
What is the remainder when 26097 is divided by 6270?
1017
Calculate the remainder when 4280373 is divided by 867.
861
What is the remainder when 610319 is divided by 203277?
488
Calculate the remainder when 958599 is divided by 756.
747
What is the remainder when 2472290 is divided by 71?
70
Calculate the remainder when 10181146 is divided by 203.
87
What is the remainder when 31447 is divided by 1052?
939
Calculate the remainder when 23702193 is divided by 1765.
8
Calculate the remainder when 11556414 is divided by 401.
396
What is the remainder when 545579 is divided by 285?
89
Calculate the remainder when 58729041 is divided by 726.
723
Calculate the remainder when 886552586 is divided by 423.
422
What is the remainder when 5108872 is divided by 734?
232
Calculate the remainder when 111737 is divided by 1126.
263
What is the remainder when 1582145 is divided by 9?
8
What is the remainder when 6299678 is divided by 517?
33
Calculate the remainder when 2659329 is divided by 443220.
9
What is the remainder when 36078023 is divided by 12026001?
20
What is the remainder when 125584931 is divided by 1256?
3
What is the remainder when 60943736 is divided by 25?
11
Calculate the remainder when 50083492 is divided by 25041740.
12
Calculate the remainder when 2832375 is divided by 969.
957
What is the remainder when 1100782758 is divided by 4510?
4508
What is the remainder when 1734306 is divided by 7384?
6450
Calculate the remainder when 23527 is divided by 5723.
635
What is the remainder when 1230222 is divided by 705?
702
Calculate the remainder when 1677695 is divided by 48.
47
Calculate the remainder when 6500008 is divided by 165.
163
What is the remainder when 35562 is divided by 2758?
2466
Calculate the remainder when 77259688 is divided by 5857.
1
What is the remainder when 153242119 is divided by 153242107?
12
What is the remainder when 13133084 is divided by 551?
550
Calculate the remainder when 4513211 is divided by 783.
782
Calculate the remainder when 675500 is divided by 2093.
1554
Calculate the remainder when 1727263 is divided by 143916.
271
Calculate the remainder when 51435 is divided by 3673.
13
Calculate the remainder when 2558384 is divided by 367.
27
What is the remainder when 872029 is divided by 3633?
109
Calculate the remainder when 1982876 is divided by 272.
268
What is the remainder when 51885 is divided by 499?
488
What is the remainder when 573 is divided by 324?
249
Calculate the remainder when 43916 is divided by 2287.
463
Calculate the remainder when 297271 is divided by 148448.
375
What is the remainder when 125066 is divided by 735?
116
Calculate the remainder when 6259 is divided by 503.
223
What is the remainder when 6709681 is divided by 239631?
13
Calculate the remainder when 895357 is divided by 179066.
27
What is the remainder when 406135691 is divided by 1019?
1013
Calculate the remainder when 290123 is divided by 31972.
2375
Calculate the remainder when 1253790 is divided by 19289.
5
Calculate the remainder when 310440 is divided by 509.
459
Calculate the remainder when 713987 is divided by 356929.
129
Calculate the remainder when 759663 is divided by 1544.
15
Calculate the remainder when 4960927 is divided by 8.
7
Calculate the remainder when 145646 is divided by 612.
602
What is the remainder when 352220 is divided by 353?
279
Calculate the remainder when 250541 is divided by 553.
32
Calculate the remainder when 15947 is divided by 4930.
1157
Calculate the remainder when 30921205 is divided by 1917.
1912
What is the remainder when 1868451 is divided by 373686?
21
What is the remainder when 5802429 is divided by 199?
186
What is the remainder when 17586 is divided by 4337?
238
What is the remainder when 7286894 is divided by 4465?
14
What is the remainder when 135275 is divided by 913?
151
Calculate the remainder when 1032651 is divided by 54350.
1
What is the remainder when 5912 is divided by 1961?
29
Calculate the remainder when 44232767 is divided by 7865.
7
Calculate the remainder when 1105096 is divided by 2827.
2566
What is the remainder when 23638938 is divided by 115?
113
Calculate the remainder when 6383771 is divided by 172534.
13
What is the remainder when 191391 is divided by 21?
18
Calculate the remainder when 40677 is divided by 1023.
780
Calculate the remainder when 14828124 is divided by 2498.
2494
Calculate the remainder when 272984 is divided by 6641.
703
What is the remainder when 764417 is divided by 2302?
153
Calculate the remainder when 6186782 is divided by 52430.
42
Calculate the remainder when 3529872 is divided by 3862.
4
Calculate the remainder when 35327 is divided by 1448.
575
What is the remainder when 1369769 is divided by 684834?
101
What is the remainder when 1758114 is divided by 438?
420
What is the remainder when 11889385 is divided by 625756?
21
Calculate the remainder when 17157 is divided by 127.
12
What is the remainder when 17616 is divided by 426?
150
What is the remainder when 68500529 is divided by 45?
44
What is the remainder when 30213 is divided by 9402?
2007
What is the remainder when 24969 is divided by 8288?
105
What is the remainder when 2954 is divided by 1581?
1373
Calculate the remainder when 451754 is divided by 113.
93
What is the remainder when 567675 is divided by 58?
29
Calculate the remainder when 27172 is divided by 614.
156
Calculate the remainder when 62312827 is divided by 4.
3
Calculate the remainder 